
In base 14, what is -2 + -cc68?
-cc6a
In base 11, what is -99 + 213?
125
In base 12, what is -bb - -6b6?
5b7
In base 3, what is 100121112 - -210?
100122022
In base 4, what is -10103123212 + -11?
-10103123223
In base 15, what is e1 - 42?
9e
In base 7, what is 3 + 10400124?
10400130
In base 5, what is -300410 + -1120?
-302030
In base 2, what is 1011110001101101 - 11?
1011110001101010
In base 3, what is -1 + -2021002112?
-2021002120
In base 12, what is -513 - 175?
-688
In base 10, what is 0 - 63682?
-63682
In base 8, what is -3315243 - 5?
-3315250
In base 16, what is -54c + 7?
-545
In base 7, what is 24025 + 45?
24103
In base 2, what is 11000 + 1010100000100?
1010100011100
In base 13, what is 66b295 - -2?
66b297
In base 4, what is 31110 - -100?
31210
In base 4, what is -11013332 + 3?
-11013323
In base 10, what is 47444 - -6?
47450
In base 14, what is 1bd5 + 10?
1c05
In base 4, what is -2132 + 12211?
10013
In base 13, what is -55 + -95a?
-9b2
In base 10, what is 76949 + -2?
76947
In base 12, what is 8 + -3?
5
In base 4, what is 0 + 113011?
113011
In base 14, what is 2530 - -156?
2686
In base 7, what is -1251605 - 2?
-1251610
In base 14, what is a55c - -2?
a560
In base 7, what is -2 - 32336?
-32341
In base 4, what is -120201211222 - -3?
-120201211213
In base 13, what is -3 + -334b2?
-334b5
In base 14, what is 515440 - -2?
515442
In base 7, what is -1525 - 2266?
-4124
In base 2, what is 111001001 - -10011101001?
11010110010
In base 2, what is -10010000111 - 1101111?
-10011110110
In base 7, what is -24335 + -112?
-24450
In base 12, what is 16 + b056?
b070
In base 4, what is -101320 + 1113331?
1012011
In base 7, what is -3044 - -330?
-2414
In base 3, what is 1110102021 + -11202?
1110020112
In base 7, what is 230361 + 25?
230416
In base 14, what is 3 - -3136a7?
3136aa
In base 12, what is 1 + -662?
-661
In base 14, what is 86b + -24?
847
In base 2, what is -100 + -10010111000000?
-10010111000100
In base 10, what is 2 + 25699?
25701
In base 11, what is -2 + 32258?
32256
In base 3, what is -12011 - -1020102?
1001021
In base 9, what is 13 + -66872?
-66858
In base 13, what is 5 - 10721?
-10719
In base 12, what is 0 + -3743a?
-3743a
In base 6, what is -3 + 411?
404
In base 10, what is -1 - 10982?
-10983
In base 13, what is 10053 - 63?
ccc0
In base 13, what is 1719 - -2b?
1747
In base 16, what is a0a + e?
a18
In base 14, what is 26a - 70b?
-481
In base 12, what is -84 + 363?
29b
In base 11, what is 43 + 11045?
11088
In base 3, what is 1220221212 - 11?
1220221201
In base 10, what is 11215 + -4?
11211
In base 7, what is -3360 + 25?
-3332
In base 2, what is 1000111011 + 1101000?
1010100011
In base 10, what is 317586 + 1?
317587
In base 10, what is -35099 - -38?
-35061
In base 9, what is 3454 - -16?
3471
In base 2, what is -1 - -1110100000010000000?
1110100000001111111
In base 14, what is 2 - 141a1?
-1419d
In base 7, what is -11 - -126625?
126614
In base 9, what is -10237273 + 3?
-10237270
In base 15, what is 7 - 12e35?
-12e2d
In base 7, what is 4454345 - 3?
4454342
In base 8, what is -114262 - 224?
-114506
In base 10, what is 20492 - -5?
20497
In base 7, what is -453256 - 20?
-453306
In base 5, what is 41213 - 3144?
33014
In base 3, what is 1000 - -1000220011?
1000221011
In base 16, what is -38b - -dba?
a2f
In base 15, what is -1b - -4a7?
48b
In base 14, what is -10 - -912?
902
In base 6, what is 403 + 115210?
120013
In base 12, what is 55 - 19133?
-1909a
In base 15, what is 122aa - c?
1229d
In base 2, what is -110000100101 - 10?
-110000100111
In base 15, what is 918 - -34?
94c
In base 4, what is 2310011023 - -3?
2310011032
In base 9, what is -1804 + -3126?
-5031
In base 9, what is -10 + 248843?
248833
In base 4, what is -312232021 + 2?
-312232013
In base 10, what is -832 - -207?
-625
In base 7, what is 3211424 - -2?
3211426
In base 14, what is 4a5 + 21d?
6c4
In base 10, what is -28581 - -5?
-28576
In base 12, what is -2 - -8433a?
84338
In base 12, what is 41140 + 0?
41140
In base 10, what is -5786805 - 0?
-5786805
In base 7, what is -250554 + -1?
-250555
In base 12, what is 3 - 315bba?
-315bb7
In base 5, what is 3413 - -2223?
11141
In base 7, what is 15023 - -2656?
21012
In base 5, what is 1 + 11432?
11433
In base 10, what is -1182 + 1985?
803
In base 14, what is 5 + 28c2?
28c7
In base 16, what is -8c + -26?
-b2
In base 2, what is 1000001001 - -1100110?
1001101111
In base 5, what is -3 - -40411342?
40411334
In base 5, what is -2113 + 31041?
23423
In base 16, what is 2 + ad9c?
ad9e
In base 12, what is 299 + 1015?
12b2
In base 10, what is 57 - 4?
53
In base 10, what is -7 - 130159?
-130166
In base 6, what is 502535 - -11?
502550
In base 3, what is -2100211110 + 2?
-2100211101
In base 16, what is 0 + -23205?
-23205
In base 12, what is 17b8 + 4?
1800
In base 10, what is -5 + 20945?
20940
In base 3, what is 1100210202 + 1122?
1100212101
In base 13, what is 366 + -3a3?
-3a
In base 2, what is 0 + 1100101001110010?
1100101001110010
In base 11, what is -262 - -1433?
1181
In base 5, what is -4303 - -1124?
-3124
In base 6, what is -13 + -24035?
-24052
In base 15, what is 3 - -1325?
1328
In base 6, what is -11504 + 100?
-11404
In base 3, what is 1000202202 + 12?
1000202221
In base 6, what is -22 - 15455?
-15521
In base 15, what is -a323 - 1?
-a324
In base 8, what is -2700 + 23?
-2655
In base 7, what is -435 - -44120?
43352
In base 2, what is -1 - 10110100100011100?
-10110100100011101
In base 13, what is -2c - 6?
-35
In base 6, what is -1 - 12034302?
-12034303
In base 6, what is -134 - 341450?
-342024
In base 6, what is -2 + 113123?
113121
In base 8, what is -1 + 27377?
27376
In base 12, what is 8 + 3a603?
3a60b
In base 14, what is -3 + 1041c?
10419
In base 14, what is 1 + -187840?
-18783d
In base 4, what is -2323330 - -3?
-2323321
In base 14, what is -430 - 55?
-485
In base 5, what is -301131433 + 0?
-301131433
In base 14, what is 12db1 + 1?
12db2
In base 11, what is -95 - -5589?
54a4
In base 16, what is 0 - 622b1?
-622b1
In base 9, what is -20341 + -4?
-20345
In base 11, what is -40607 - -5?
-40602
In base 6, what is -100153405 - -2?
-100153403
In base 11, what is -5573 - 1?
-5574
In base 10, what is -368 + 55?
-313
In base 14, what is -2 + -53ba9?
-53bab
In base 8, what is 16224 + 0?
16224
In base 8, what is -12 + 241351?
241337
In base 16, what is -cd + 3c3?
2f6
In base 7, what is 242015 - -5?
242023
In base 16, what is 0 - 453c?
-453c
In base 2, what is -10001 + 100101100000?
100101001111
In base 6, what is -5 + 10551032?
10551023
In base 14, what is 4 - -12a8?
12ac
In base 10, what is 1 + -254649?
-254648
In base 3, what is -11 + 111100112?
111100101
In base 11, what is -240470 + 4?
-240467
In base 2, what is -11 + -100110101110111?
-100110101111010
In base 12, what is -841 - 2086?
-2907
In base 14, what is 1 - 1cd875?
-1cd874
In base 5, what is -1113133 + 11?
-1113122
In base 3, what is 22120020110220 + -2?
22120020110211
In base 4, what is 3323 - 13010?
-3021
In base 12, what is 4b7 + 10?
507
In base 6, what is 1330135 - 3?
1330132
In base 11, what is -194 + -874?
-a58
In base 14, what is -9 - 103a0?
-103a9
In base 2, what is 101 - 1000000100100010?
-1000000100011101
In base 4, what is -130333312 + -223?
-131000201
In base 4, what is -1021312111 - -10?
-1021312101
In base 12, what is 11142 - -5?
11147
In base 10, what is -496464 - -2?
-496462
In base 8, what is -53 - 654?
-727
In base 16, what is 5bc - 0?
5bc
In base 8, what is 0 - 724623?
-724623
In base 7, what is 41122651 - 1?
41122650
In base 14, what is 48ca9 - 0?
48ca9
In base 15, what is -3d6 - 22?
-408
In base 12, what is -4 - -28043?
2803b
In base 7, what is -320 + 35?
-252
In base 15, what is -1244b - -1?
-1244a
In base 13, what is -37a - -a1?
-2a9
In base 6, what is 1021525 + 20?
1021545
In base 4, what is 21 + -3001010?
-3000323
In base 6, what is 4132254 + 0?
4132254
In base 15, what is b81 - 4?
b7c
In base 12, what is -16 - -590?
576
In base 9, what is 8 + -121034?
-121025
In base 2, what is -11000 - -1000001011?
111110011
In base 8, what is 1 + 152604?
152605
In base 3, what is 1 - 200122222?
-200122221
In base 15, what is 1b5e - 2d?
1b31
In base 11, what is -7915 - -94?
-7831
In base 15, what is -80 - -263?
1d3
In base 14, what is 7601 - d?
75d2
In base 10, what is -6632529 - 4?
-6632533
In bas